 and 14?
14
Let f(r) = 4*r**3 + 11*r**2 - 23*r - 34. Let t be f(3). What is the greatest common divisor of 1612 and t?
52
Let j(z) = z - 68. Let d(g) = 2*g - 200. Let k(t) = -6*d(t) + 17*j(t). Let i be k(-6). What is the highest common divisor of i and 49?
7
Let k = 3583 + -3566. What is the highest common factor of 1343 and k?
17
Let x = 97 + 31. Let d = 88 - x. Let n = -26 - d. What is the greatest common factor of n and 112?
14
Let b be 1 + 237/(-42)*-2 - (-270)/(-945). Suppose -1332 = -4*x + x. What is the greatest common factor of b and x?
12
Let a = 3008 - 2457. What is the greatest common factor of a and 899?
29
Suppose 18*w - 60 = 15*w. Suppose -n - 5*z = -23, 0*z - 2*z - 10 = -2*n. What is the greatest common factor of w and n?
4
Let s = 1554 + -1470. Let t = 11 + 101. What is the highest common divisor of s and t?
28
Let k be 2 + (-39)/15 + 1131/(-15). Let a = 29 - k. What is the greatest common factor of 15 and a?
15
Let d(i) = -i**3 - 13*i**2 + 23*i - 30. Suppose 5*f + 4*f + 135 = 0. Let w be d(f). What is the greatest common divisor of w and 45?
15
Suppose -n = 5*q - 108, -4*q + 25 = -2*n - 53. Suppose -6 = 3*k - q. Suppose 0 = 3*l - k*l + 34. Calculate the greatest common factor of l and 153.
17
Let h be 9 - (-4 - -10 - 4). Suppose 0 = m - h*m + 204. What is the highest common divisor of m and 34?
34
Suppose -460*p = -465*p, 0 = -2*u - 5*p + 12. Suppose -5*q + 54 = -36. Let j be (1 - 0)*q/1. What is the highest common factor of j and u?
6
Suppose 4*b = 2*b + 12, -4*b + 18 = -2*q. Calculate the greatest common factor of 237 and q.
3
Let m be (6/8)/((-9)/(-36)). Suppose -2*c = 2*s - 3*s - 12, c + m = -4*s. Let a be (2 + s/5)*(-180)/(-8). Calculate the greatest common factor of a and 360.
36
Let u = -3007 - -3047. Calculate the greatest common factor of 328 and u.
8
Let t(z) be the third derivative of -z**4/24 + z**3 + 38*z**2. Let j be t(-11). Let c = 52 + 84. Calculate the highest common divisor of c and j.
17
Let a be ((-200)/36)/5 - 28732/(-198). What is the greatest common factor of a and 1071?
9
Let s(k) = -91*k - 1890. Let x be s(-21). Let p = 9 + -16. Let a = p + 10. What is the greatest common divisor of x and a?
3
Let u be 30/24 - 58/8. Let q be (-5)/((-10)/u) - 0 - -6. Suppose -52 - 5 = -q*h. What is the greatest common factor of 171 and h?
19
Suppose -13*n + 15*n = -3*n. Suppose n = 17*i + 15*i - 6720. Suppose -84 = -s - 3*s. Calculate the highest common factor of s and i.
21
Let i = 19322 + -19075. Calculate the highest common divisor of i and 9633.
247
Suppose -5*l + 2*m - 55 = 0, -7 = -2*m + 3. Let u(y) = 3*y**2 + 14*y - 5. Let x be u(l). What is the greatest common divisor of x and 7?
7
Let w(m) = 29*m - 20*m - 73 - 17. Let s be w(14). Let o be (1 - 2/(-1)) + 1. What is the greatest common factor of o and s?
4
Let l = -10 + 5. Let m(x) = 46*x**2 + 5 - 20*x**2 - 22*x**2 + 2*x. Let n be m(l). What is the highest common divisor of 38 and n?
19
Suppose 2*x - 35 = 3*x. Let a be -68*(-4 - x/10). Suppose -a*j + 38*j - 196 = 0. What is the highest common factor of j and 7?
7
Let w be 4/12*(491 + 1). Suppose 2*t - w = 700. Suppose t = -v + 5*v. Calculate the highest common divisor of v and 36.
36
Let o(h) = -6*h**3 - 5*h**2 - h - 27. Let d be o(-5). Calculate the highest common factor of d and 1541.
67
Suppose -3*r + 56 = 11*r. Suppose -5*n = 5, -r*b + 7*n + 408 = 3*n. Suppose -2*o + 0*o + 5*s = -b, 3*s = -o + 45. What is the highest common divisor of 6 and o?
6
Suppose 5*h = -4*y + 7*h + 30, 0 = 4*y - 4*h - 36. Suppose 20*p - 5434 = -y*p. Calculate the highest common factor of p and 22.
11
Let z = -60 - -43. Let y = -14 - z. Let m be 9/(y - 6) + 27. Calculate the greatest common factor of m and 12.
12
Suppose -46*z = 7863 - 19731. What is the greatest common factor of 946 and z?
86
Let q(h) = 15 - 9*h + 0*h - 3*h + 11*h**2 + h**3. Suppose 0*z - 48 = 4*z. Let a be q(z). What is the highest common divisor of 30 and a?
15
Suppose 12*p = 15*p + 18. Let w be p/(-6)*30/3. What is the highest common divisor of w and 190?
10
Suppose 0 = 3*n - 3*m - 981, 0 = -3*n - 3*m - 0*m + 957. Let u be ((-8)/((-128)/(-24)))/((-6)/136). Calculate the greatest common factor of n and u.
17
Let j = -34 - -55. Let q = -94 + 136. What is the highest common divisor of q and j?
21
Suppose -4*x + 32 = 4*r, 5*x - r - 6 - 34 = 0. What is the greatest common factor of x and 139?
1
Let v(o) = o + 1. Let i(j) = -62*j - 7. Let p(c) = -i(c) - v(c). Let k be p(-1). Let z = k + 57. What is the highest common factor of z and 22?
2
Let y = 48 + -13. Suppose 4*c - 8*c = z, c = z + 5. Let x be (11 - 7) + c - (0 + 0). Calculate the highest common divisor of y and x.
5
Let m = -1186 - -1618. What is the highest common divisor of 2484 and m?
108
Let d = -105 - -110. Suppose 27 - 17 = 5*v - 5*h, -d*h = -2*v + 1. Calculate the greatest common factor of v and 19.
1
Suppose 62*y - 47*y = 420. What is the highest common divisor of 7322 and y?
14
Let v = 2535 + -308. What is the greatest common factor of 17 and v?
17
Suppose -22*j + 6*j = 18*j - 77792. What is the highest common factor of j and 176?
176
Suppose 2*m = 83 - 61. Suppose 3*a - 2*q = 54, -2*q + 10 = 12*a - m*a. What is the highest common divisor of a and 88?
8
Suppose 0 = 4*c - 4*m + 20 - 0, -3*m = 4*c - 1. Let f be c + (-360)/(-6 - -1). What is the highest common divisor of 14 and f?
14
Let y = -89 - -127. Suppose -5*r + 2*v - 4*v = 95, -2*r - 2*v - y = 0. Let k = r + 28. Calculate the greatest common factor of k and 99.
9
Let o = 4038 - -12908. Calculate the greatest common factor of o and 222.
74
Let h(z) = -z**2 + 57*z - 65. Let y be h(25). Calculate the highest common factor of 15 and y.
15
Let w(j) = 14*j**2 + 138 + 7*j - 16*j**2 + 40. Let n be w(0). What is the greatest common factor of n and 2?
2
Suppose 2*s - 329 = -5*r + 192, 0 = -4*r - 4. Let a = s - 163. What is the highest common factor of 25 and a?
25
Let y(g) = 23 - 2*g**3 + 4*g**3 - g**3 + 19*g**2. Let j be y(-19). What is the highest common factor of j and 115?
23
Suppose -4328*v + 4330*v - 64 = 0. Calculate the highest common factor of 3872 and v.
32
Let z = -2832 + 4802. Calculate the highest common divisor of 10 and z.
10
Let k(n) = -n**2 + 63*n + 735. Let r be k(73). What is the highest common factor of r and 28915?
5
Let l(b) = -1940*b - 853. Let n be l(-10). Calculate the greatest common divisor of 17 and n.
17
Let b = -3 - -25. Suppose -5*n = 10, 4*n + b = t - 0*t. Suppose -17 = -h - 0*u - 4*u, -3*h + 68 = -5*u. Calculate the greatest common divisor of t and h.
7
Suppose 8 = 4*j, -5*d + 5*j + 98 = -192. What is the greatest common factor of 2430 and d?
30
Let t(w) = -6*w**3 - 60*w**2 - 33*w + 84. Let i be t(-15). What is the greatest common divisor of i and 42?
21
Let x(m) = 6*m + 1611. Let d be x(124). What is the highest common factor of 15 and d?
15
Suppose -4*s - 3*l - 6 = 0, 0 = -8*s - l - 99 + 157. Let i be (0 - 0)/(0 - 2). Suppose -b + 164 - 20 = i. Calculate the greatest common divisor of s and b.
9
Let m be 2/(-3) - 296/(-12). Suppose -2*u - 3*u - 25 = 0, 0 = 3*j - 5*u - 31. Suppose -m = j*k - 262. What is the highest common divisor of 17 and k?
17
Suppose 0 = 21*l - 2843 - 14797. Calculate the highest common factor of l and 320.
40
Suppose -10*h + 47984 = -26054 + 1008. What is the greatest common divisor of h and 109?
109
Let w(d) = -17*d - 1384. Let b be w(-90). Calculate the greatest common divisor of b and 4015.
73
Suppose -10 = -0*b - 2*b, -3*b = -3*s + 1569. Let j be ((-1)/(-3))/(22/13068*6). What is the greatest common divisor of j and s?
33
Let k be (7809/(-27) - (-36)/162)*-4. What is the greatest common factor of k and 629?
17
Let t(b) = -6*b + 65. Let i be t(24). Let a = -68 - i. What is the highest common divisor of 33 and a?
11
Let q = 316 - 321. Let z(f) = f**2 + 11*f + 50. Let h be z(q). What is the greatest common divisor of h and 60?
20
Let s = 242 - 161. Let d be (1 - -39) + (959 - 990). What is the greatest common factor of d and s?
9
Let b = 31 - 33. Let r be b/7 + 3810/105. Let k be (0 + 4/6)*r/2. Calculate the greatest common factor of 48 and k.
12
Suppose 4*l = 9*l - n - 86, 0 = 4*n + 4. Suppose -l*k + 42*k - 2100 = 0. Calculate the greatest common divisor of 36 and k.
12
Let m = 16 + -11. Suppose -4*l 